4
Convert -15 (base 14) to base 11.
-18
-1 (base 10) to base 16
-1
What is -1 (base 10) in base 13?
-1
-b (base 15) to base 5
-21
0 (base 7) to base 5
0
What is 0 (base 2) in base 9?
0
4 (base 13) to base 15
4
What is 11011 (base 3) in base 4?
1300
-168 (base 9) to base 16
-8f
What is -67 (base 10) in base 6?
-151
What is -15 (base 14) in base 3?
-201
Convert 5 (base 12) to base 4.
11
Convert 10011110 (base 2) to base 8.
236
2 (base 5) to base 16
2
-11 (base 4) to base 14
-5
-26 (base 8) to base 9
-24
Convert c4 (base 13) to base 8.
240
-14 (base 9) to base 13
-10
Convert 6 (base 8) to base 3.
20
1 (base 16) to base 8
1
What is 2 (base 11) in base 2?
10
Convert -146 (base 8) to base 2.
-1100110
120 (base 5) to base 16
23
What is -67 (base 11) in base 2?
-1001001
Convert 14 (base 12) to base 3.
121
What is -100 (base 2) in base 6?
-4
-41 (base 11) to base 15
-30
Convert 1 (base 5) to base 7.
1
Convert 2 (base 8) to base 2.
10
What is 5 (base 15) in base 12?
5
Convert 18 (base 10) to base 7.
24
What is 11 (base 11) in base 3?
110
What is 6 (base 10) in base 5?
11
11 (base 6) to base 2
111
Convert -73 (base 9) to base 4.
-1002
What is -3 (base 10) in base 6?
-3
What is 3 (base 16) in base 2?
11
Convert 0 (base 16) to base 4.
0
Convert -1e (base 16) to base 7.
-42
Convert 333 (base 4) to base 13.
4b
7 (base 10) to base 13
7
-6 (base 15) to base 8
-6
Convert 1 (base 7) to base 5.
1
-512 (base 6) to base 3
-20222
Convert -32 (base 5) to base 11.
-16
What is -4 (base 8) in base 4?
-10
-20 (base 16) to base 2
-100000
What is -5 (base 8) in base 9?
-5
Convert 42 (base 12) to base 6.
122
-4 (base 16) to base 10
-4
What is 1001 (base 3) in base 7?
40
What is -12 (base 7) in base 10?
-9
Convert -4 (base 9) to base 11.
-4
11 (base 7) to base 16
8
What is 253 (base 9) in base 14?
110
-1 (base 6) to base 11
-1
110001 (base 2) to base 6
121
0 (base 6) to base 4
0
11101 (base 2) to base 16
1d
Convert 66 (base 8) to base 10.
54
What is 100 (base 2) in base 15?
4
What is -20 (base 8) in base 5?
-31
What is 226 (base 9) in base 14?
d4
Convert -113 (base 6) to base 16.
-2d
Convert 4c (base 13) to base 12.
54
What is -5 (base 6) in base 11?
-5
1 (base 7) to base 5
1
Convert 1 (base 2) to base 12.
1
2 (base 11) to base 12
2
Convert -11 (base 2) to base 9.
-3
Convert -9 (base 14) to base 5.
-14
10001 (base 4) to base 10
257
Convert 2 (base 4) to base 7.
2
What is b (base 13) in base 12?
b
61 (base 8) to base 15
34
What is -8 (base 13) in base 12?
-8
-131 (base 11) to base 13
-bc
What is 10 (base 8) in base 13?
8
-d0 (base 14) to base 4
-2312
Convert 9 (base 12) to base 11.
9
What is -33 (base 9) in base 7?
-42
What is 2 (base 7) in base 5?
2
Convert -3 (base 14) to base 7.
-3
Convert 0 (base 2) to base 14.
0
What is -7d (base 14) in base 13?
-87
What is -10 (base 6) in base 9?
-6
Convert 2 (base 8) to base 10.
2
-130 (base 4) to base 15
-1d
What is 21 (base 3) in base 8?
7
Convert -225 (base 6) to base 15.
-5e
-1 (base 6) to base 11
-1
220 (base 6) to base 2
1010100
What is -1 (base 4) in base 5?
-1
-6 (base 14) to base 5
-11
1011001 (base 2) to base 3
10022
Convert 18 (base 10) to base 8.
22
-2 (base 16) to base 6
-2
Convert -1 (base 7) to base 5.
-1
-22 (base 7) to base 16
-10
What is -31 (base 12) in base 3?
-1101
6 (base 16) to base 6
10
111 (base 5) to base 13
25
-7a (base 12) to base 9
-114
Convert 1001 (base 6) to base 8.
331
What is 1 (base 8) in base 4?
1
Convert 135 (base 6) to base 8.
73
What is -55 (base 9) in base 5?
-200
Convert 100 (base 9) to base 6.
213
Convert 3 (base 12) to base 16.
3
-6b (base 12) to base 3
-10002
Convert 3 (base 16) to base 3.
10
Convert a (base 14) to base 15.
a
What is c5 (base 14) in base 9?
212
What is 3 (base 12) in base 14?
3
18c (base 14) to base 11
271
What is -1 (base 15) in base 9?
-1
11 (base 5) to base 9
6
Convert 5 (base 7) to base 12.
5
Convert -4 (base 5) to base 3.
-11
What is 39 (base 12) in base 8?
55
Convert -21 (base 3) to base 12.
-7
Convert 14 (base 12) to base 15.
11
424 (base 5) to base 4
1302
Convert -6 (base 11) to base 8.
-6
-400 (base 6) to base 16
-90
89 (base 11) to base 15
67
What is 17 (base 10) in base 8?
21
25 (base 6) to base 7
23
b (base 13) to base 7
14
What is 1001 (base 2) in base 8?
11
What is 64 (base 16) in base 12?
84
-3 (base 5) to base 3
-10
11 (base 6) to base 12
7
Convert -2 (base 3) to base 5.
-2
What is -120 (base 7) in base 15?
-43
What is -1 (base 6) in base 10?
-1
What is 57 (base 15) in base 16?
52
Convert 54 (base 6) to base 9.
37
Convert 70 (base 9) to base 15.
43
Convert 12 (base 3) to base 8.
5
Convert -3203 (base 4) to base 3.
-22102
163 (base 8) to base 13
8b
13 (base 5) to base 11
8
What is -21 (base 5) in base 15?
-b
Convert -1 (base 13) to base 10.
-1
Convert -140 (base 6) to base 2.
-111100
Convert -47 (base 9) to base 11.
-3a
0 (base 13) to base 7
0
What is 230 (base 6) in base 14?
66
-104 (base 14) to base 15
-d5
59 (base 12) to base 14
4d
1 (base 3) to base 11
1
Convert 0 (base 16) to base 5.
0
What is -3 (base 13) in base 15?
-3
1 (base 8) to base 11
1
101 (base 2) to base 15
5
-18 (base 13) to base 7
-30
2001 (base 3) to base 5
210
15a (base 15) to base 3
102111
221 (base 4) to base 6
105
What is -8 (base 10) in base 13?
-8
What is -3 (base 12) in base 8?
-3
What is b (base 13) in base 7?
14
2 (base 6) to base 12
2
What is 186 (base 9) in base 8?
237
What is c (base 15) in base 12?
10
What is -11011 (base 3) in base 6?
-304
What is -6 (base 14) in base 11?
-6
Convert 1 (base 11) to base 16.
1
9 (base 15) to base 3
100
-194 (base 14) to base 8
-506
Convert 27 (base 12) to base 5.
111
-1313 (base 5) to base 12
-154
Convert -113 (base 9) to base 2.
-1011101
-34 (base 7) to base 12
-21
2 (base 4) to base 15
2
What is -10 (base 3) in base 2?
-11
What is -b (base 16) in base 7?
-14
What is -1b5 (base 12) in base 8?
-431
What is -150 (base 9) in base 4?
-1332
12 (base 6) to base 13
8
Convert -1430 (base 5) to base 15.
-110
1001101 (base 2) to base 11
70
54 (base 15) to base 13
61
Convert 1234 (base 5) to base 9.
235
Convert -330 (base 4) to base 11.
-55
Convert 7 (base 10) to base 15.
7
Convert 1211 (base 4) to base 9.
122
What is 12 (base 8) in base 15?
a
10 (base 4) to base 16
4
Convert -1 (base 7) to base 9.
-1
235 (base 6) to base 16
5f
-61 (base 7) to base 10
-43
What is 13 (base 7) in base 2?
1010
Convert 17 (base 11) to base 14.
14
-26 (base 12) to base 3
-1010
Convert -1 (base 11) to base 3.
-1
-100100 (base 2) to base 7
-51
-23 (base 10) to base 14
-19
Convert -10a (base 11) to base 3.
-11212
What is -235 (base 8) in base 13?
-c1
What is 229 (base 13) in base 11?
30a
Convert -10 (base 3) to base 16.
-3
What is 4 (base 13) in base 14?
4
Convert -20 (base 7) to base 4.
-32
What is -4 (base 6) in base 3?
-11
Convert -28 (base 9) to base 14.
-1c
What is -15 (base 8) in base 2?
-1101
Convert -2 (base 5) to base 6.
-2
Convert -112 (base 4) to base 11.
-20
What is -3333 (base 4) in base 15?
-120
-2 (base 14) to base 16
-2
What is 6 (base 16) in base 14?
6
-4 (base 14) to base 9
-4
Convert -2 (base 6) to base 7.
-2
1 (base 2) to base 12
1
What is 49 (base 11) in base 4?
311
What is 1001000 (base 2) in base 11?
66
-48 (base 11) to base 8
-64
-21 (base 4) to base 14
-9
What is 3 (base 8) in base 3?
10
What is -10000 (base 2) in base 14?
-12
Convert -2 (base 12) to base 2.
-10
Convert 44 (base 10) to base 15.
2e
Convert 0 (base 10) to base 4.
0
Convert 10 (base 9) to base 12.
9
Convert -20 (base 9) to base 6.
-30
-2 (base 16) to base 9
-2
Convert -a (base 15) to base 4.
-22
What is -231 (base 4) in base 11?
-41
-6 (base 14) to base 12
-6
100 (base 3) to base 7
12
Convert 3 (base 5) to base 15.
3
What is 1210 (base 4) in base 14?
72
What is -127 (base 9) in base 11?
-97
Convert -3 (base 4) to base 3.
-10
201 (base 6) to base 7
133
-284 (base 11) to base 4
-11032
Convert 4 (base 10) to base 16.
4
What is 8b (base 13) in base 4?
1303
154 (base 7) to base 10
88
What is -2c (base 15) in base 12?
-36
-4 (base 7) to base 12
-4
0 (base 9) to base 2
0
265 (base 10) to base 7
526
-8 (base 11) to base 14
-8
Convert 117 (base 8) to base 12.
67
20 (base 11) to base 6
34
What is -29 (base 12) in base 15?
-23
37 (base 10) to base 7
52
-1001 (base 2) to base 11
-9
-2 (base 3) to bas